) = 48*m + 2. Let f be h(2). Calculate the highest common divisor of o and f.
14
Let q = -26 - -54. Let x be 7*1/(q/240). Suppose -2*h + 7*h = -a + 75, -4*h + 3*a + x = 0. Calculate the highest common factor of 45 and h.
15
Suppose -2*o = -7*o + 10. Suppose 3*a = -o + 8. Calculate the greatest common divisor of 16 and a.
2
Suppose f + 22 = 38. Let n be (-4)/(-12) - 191/(-3). Calculate the highest common factor of f and n.
16
Let a(s) = s**3 - 8*s**2 + 25*s - 72. Let f be a(9). What is the greatest common divisor of f and 54?
18
Let w be ((-1127)/(-14))/(-3 + 21/6). What is the highest common divisor of w and 28?
7
Let p be 9/18*-16 + 23. Let n(b) = -b**2 - 5*b - 2. Let f be n(-4). Let v(d) = 30*d**2 - d + 2. Let m be v(f). What is the highest common divisor of m and p?
15
Suppose -l + 2*l = -0*l. Suppose -6*o + 78 = -l*o. Let d be (13*-1)/((-2)/8). What is the highest common divisor of d and o?
13
Let h = 38 - 23. Let s be -5*(2 - (-708)/h). Let a be s/(-14) - 6/(-14). Calculate the highest common factor of a and 18.
18
Let k(i) = -3*i**2 - 9*i + 3. Let d be k(-5). Let p = d - -55. Calculate the greatest common divisor of 28 and p.
28
Let b = -17 + 30. Let q = b + 35. Calculate the greatest common factor of q and 72.
24
Let l = 32 - 30. Let k be -2 - 4/6*-3. Suppose k = l*b - 5 - 23. What is the greatest common factor of b and 14?
14
Let o be (6 - 2)*(-3)/(-2). Suppose -3*v + 41 = 3*y - 13, -69 = -4*v - 5*y. What is the greatest common factor of v and o?
3
Let m = -361 + 473. Calculate the highest common divisor of m and 48.
16
Let k(s) = -s**2 + 7*s + 17. Suppose 5*x - 11 = 24. Let t be k(x). Calculate the highest common factor of t and 136.
17
Suppose -2*t + 130 = -i + 3*i, -123 = -2*i + 5*t. Calculate the highest common divisor of i and 48.
16
Let h = 189 - 54. Let b = 5191 - 5176. Calculate the highest common divisor of b and h.
15
Suppose -3*w + 3*b = -360, 8*w = 6*w - b + 243. What is the greatest common divisor of 99 and w?
11
Let r(j) = 7*j + 258. Let l be r(-19). Calculate the greatest common divisor of 400 and l.
25
Let p = -44 - -109. Let f = p - 45. Calculate the highest common divisor of 5 and f.
5
Let m = -17 + 45. Let c be m/16 - 1/(-4). Let y be ((-176)/(-40))/(c/10). Calculate the greatest common factor of y and 154.
22
Let w = -4 - -36. Let o = -17 + w. Let c be 2/o + (-792)/(-135). Calculate the greatest common factor of c and 42.
6
Let b(x) = x**3 + 2*x**2 - 3*x - 3. Let i be b(-2). Suppose 39 + 60 = i*t. Suppose -6*c + 4*c + 594 = 0. Calculate the highest common factor of c and t.
33
Let y = -78 - -45. Let f = y + 61. Calculate the highest common factor of f and 112.
28
Let b = 198 - 87. Let y be b + -4 + 0 + 1. What is the highest common divisor of y and 27?
27
Suppose -627 = 3*j - 2871. Suppose 172 = -3*a + j. Let t = -45 + 69. What is the highest common factor of t and a?
24
Let l = 430 - 402. What is the highest common divisor of l and 231?
7
Let c = -448 + 502. Calculate the greatest common factor of 90 and c.
18
Suppose 0 = -51*p + 48*p + 390. Calculate the greatest common divisor of p and 39.
13
Suppose 3888 = 102*z - 84*z. Calculate the highest common divisor of z and 162.
54
Let q be ((-14)/4)/((-47)/17296). Calculate the highest common factor of 276 and q.
92
Let x be 241/(1*(-5 + 4)). Let z = -161 - x. What is the highest common factor of z and 16?
16
Suppose 0 = -5*w - 180 + 205. What is the greatest common factor of w and 15?
5
Let b(i) = i**3 + 19*i**2 + 68*i - 13. Let w be b(-14). What is the highest common factor of w and 1050?
15
Suppose -6*n + 38 = -10. Let c = n - 2. What is the greatest common divisor of c and 3?
3
Let r be (-18)/(-4)*(-52)/(-39). Suppose -r*w + 60 = -0*w. What is the greatest common factor of 10 and w?
10
Let j(c) = 12*c**3 + 5*c - 18. Let n be j(2). Calculate the highest common factor of n and 66.
22
Suppose -d = d + 20. Let r be (-36)/45 - (-2)/d. Let a be (12/r)/(3/(-27)). Calculate the highest common divisor of a and 12.
12
Suppose 141*n - 36720 = 6*n. What is the highest common divisor of n and 17?
17
Let r = -10 + 26. Suppose 2*c + 3*c - 76 = -3*i, -3*i - 2*c + 88 = 0. Calculate the highest common factor of i and r.
16
Suppose -8512 = -91*t + 15*t. What is the greatest common divisor of 63 and t?
7
Suppose -5*c - 4*r + 82 = 0, -66*c + 64 = -61*c - 2*r. What is the highest common factor of c and 42?
14
Suppose 71*h = 290 + 349. Let i(x) = -6*x**2 + 4 - 3 + 3*x**3 - 4*x**3. Let u be i(-6). What is the greatest common divisor of h and u?
1
Let a be (-582)/(-9) - 16/(-12). Let n be 7/((-14)/a)*1. Let g = n + 69. What is the greatest common factor of 4 and g?
4
Let w be ((-91)/(-35) + 0 + -3)*-10. Suppose -3*r + 78 + 18 = 0. Calculate the greatest common factor of w and r.
4
Suppose -2*f - f = 3*l - 24, 0 = 3*l - 15. Suppose 4*r - 1 - 3 = 0, 5*v - f*r = 227. Calculate the greatest common factor of 92 and v.
46
Let s(v) = -17*v**3 - 8*v**2 - 2*v + 5. Let b be s(-1). Suppose 2*n - 3 = 1. Let p be 0 - 0 - (-128)/n. What is the highest common factor of b and p?
16
Let b be -6 + (-22)/(-2) - -100. Calculate the greatest common factor of 28 and b.
7
Suppose -15*k = 3*k - 306. What is the greatest common divisor of 1241 and k?
17
Suppose 7*i + 369 = 16*i. What is the highest common divisor of i and 164?
41
Suppose -5*p + 2*d + d + 37 = 0, 4*p - 2*d = 28. Suppose 0 = -p*c - 3 - 27. Let m = 10 + c. Calculate the highest common factor of 8 and m.
4
Let z = 20 + -13. Let a = 10 - z. Suppose a*l - 2*l - 30 = 0. Calculate the highest common divisor of l and 12.
6
Let x = -1234 + 1263. Calculate the highest common divisor of x and 5.
1
Suppose 3*o + 64 = 4*o. Let y(a) = -36*a + 2. Let u be y(-1). Suppose -3*k = -5*j - u, -5*k + 90 = 2*j + 6. What is the highest common factor of o and k?
16
Let r be (-2 - -4)/(8/40). Suppose -3*m + r = -m. Suppose 2*c + 0*c - 80 = 0. Calculate the highest common factor of m and c.
5
Suppose -455 = -3*q - 359. Calculate the greatest common divisor of q and 12.
4
Let f = -148 - -152. Calculate the highest common divisor of f and 124.
4
Let n(y) = 4*y**2 + 1. Let a be n(-1). Suppose m - 310 = -0*r - 2*r, -5*r - a*m + 785 = 0. Calculate the highest common factor of r and 17.
17
Let b be 64/(-160) + 2342/5. What is the highest common divisor of 52 and b?
52
Suppose 4*c - 4*w = 256, -2*w + 128 = 4*c - 2*c. Let r = c - 14. Suppose -t = 34 - 109. What is the greatest common factor of t and r?
25
Let p(w) = 74*w**3 + 5*w**2 + w - 12. Let d be p(2). What is the greatest common divisor of 14 and d?
14
Let g = 2040 + -2028. Let h(f) be the third derivative of f**5/20 + f**4/24 - 4*f**3/3 - f**2. Let x be h(-7). Calculate the highest common divisor of g and x.
12
Suppose 5*h - 321 - 144 = 0. Let m = -42 + h. Let q = m + -28. What is the greatest common factor of 253 and q?
23
Suppose z + 47 = -7*l, -12*z + 11*z + 2*l = -25. Let t(o) = 21*o - 9. Let r be t(6). What is the greatest common divisor of z and r?
9
Let m be (132/(-9))/(6/(-9)). Suppose 0*t - m = -2*t. Calculate the highest common factor of t and 22.
11
Let n be 11232/(-728)*28/(-2). Calculate the greatest common divisor of n and 144.
72
Suppose 12*k - 3935 - 265 = 0. Let v = -217 + k. Let l(j) = -j**3 + 5*j**2 + j - 2. Let s be l(3). What is the greatest common divisor of v and s?
19
Let j(o) = -o**3 - 6*o**2 + 13*o - 13. Let z be j(-8). Let u be 25*1*(16 - z). Suppose 0 = -s + 5*s - 200. What is the highest common divisor of u and s?
25
Let w be (0 + -14)/(90/(-360)). Calculate the greatest common divisor of w and 42.
14
Let f be (-1)/(-1*2/50). What is the greatest common factor of f and 125?
25
Let k be (-56)/(-9) - (-2)/(-9). Let o be 302/k + 19/(-57). What is the highest common factor of 10 and o?
10
Let r = -15 + 26. Let z(x) = 4*x - 14. Let h be z(r). Let l = -8 - -20. Calculate the highest common factor of h and l.
6
Let v be (24/(-21))/(-2*(-4)/(-28)). Calculate the highest common divisor of v and 18.
2
Suppose -531*o = -527*o - 1188. Let q be -2*(-1 + (-25)/2). Calculate the highest common factor of q and o.
27
Let j = 158 - 42. Let z = j + 163. Let r = 46 + -15. Calculate the greatest common divisor of r and z.
31
Let f = 10 - 19. Let r = -8 - f. Suppose -r = -h - 0*h. Calculate the greatest common fact